at is i(42)?
13
Let k(f) = 14609*f + 160681. Determine k(-11).
-18
Let z(w) = -1331*w - 149076. Determine z(-112).
-4
Let p(g) = -38338*g + 268340. Calculate p(7).
-26
Let v(c) = -43339*c - 2383557. What is v(-55)?
88
Let v(j) = 2*j**2 + 1570*j - 72999. What is v(44)?
-47
Let f(u) = -375*u**2 - 14243*u + 96. Calculate f(-38).
-170
Let p(b) = b**3 + 75*b**2 + 174*b - 20403. Calculate p(-68).
133
Let l(x) = 2*x**2 + 497*x - 1229242. Determine l(-918).
-40
Let d(c) = -378*c - 5294. Calculate d(-14).
-2
Let g(c) = 50*c**2 + 2021*c - 10301. Determine g(-45).
4
Let f(b) = -11175*b**2 + 223503*b - 19. Give f(20).
41
Let j(m) = 63*m + 3728. Determine j(-33).
1649
Let c(x) = -4*x**3 - 47*x**2 - 45. Give c(-12).
99
Let y(d) = -151*d - 11756. What is y(-81)?
475
Let q(x) = -3*x**3 - 1842*x**2 + 116*x + 71203. What is q(-614)?
-21
Let j(q) = -69*q**2 - 713*q + 87. Calculate j(-12).
-1293
Let t(c) = -26*c**3 - 138*c**2 + 113*c + 643. Give t(-5).
-122
Let k(i) = 16*i**3 - 84*i**2 - 9*i + 11. What is k(5)?
-134
Let j(x) = -109*x**2 - 35208*x - 275. What is j(-323)?
48
Let o(w) = w**3 + 67*w**2 - 2652*w - 192. Determine o(28).
32
Let t(q) = -32*q**2 - 10*q + 51. Give t(-2).
-57
Let q(t) = -140*t**2 - 24926*t - 1116. What is q(-178)?
-48
Let y(r) = -r**3 - 92*r**2 - 1017*r + 114. Calculate y(-13).
-16
Let w(k) = 3*k**3 + 13*k**2 - 23*k - 13. Determine w(-6).
-55
Let v(y) = 167*y - 45273. What is v(278)?
1153
Let i(r) = 1692*r - 23779. What is i(14)?
-91
Let p(m) = -m**3 + 29*m - 97. Calculate p(6).
-139
Let n(m) = 22*m**3 + 371*m**2 - 741*m - 2. Determine n(2).
176
Let o(m) = 8*m**3 - 7*m**2 - 116*m + 514. What is o(4)?
450
Let c(q) = -5*q**3 - 28*q**2 + 288*q - 101. Calculate c(-11).
-2
Let c(n) = -2*n**3 - 12*n**2 + 16*n + 91. What is c(-5)?
-39
Let w(c) = 15*c**3 - c**2 + 102*c + 316. Determine w(-3).
-404
Let k(n) = n**2 - 406*n - 6953. Determine k(-16).
-201
Let b(i) = -5918*i - 110624. What is b(-19)?
1818
Let p(q) = 478*q - 7111. Calculate p(15).
59
Let w(y) = 5950*y - 124978. Give w(21).
-28
Let n(v) = 2969*v - 39215. Calculate n(13).
-618
Let p(c) = -c**3 - 9*c**2 + 12*c + 12. Calculate p(-10).
-8
Let q(h) = -187*h**2 + 1870*h + 22. Calculate q(10).
22
Let u(m) = 2335*m**2 - 60503*m - 5391. Calculate u(26).
-9
Let z(t) = -2*t**3 + 313*t**2 + 1605*t - 45. What is z(-5)?
5
Let y(q) = 2038*q**2 + 10140*q - 279. What is y(-5)?
-29
Let q(y) = 5*y**2 - 1668*y - 2228. Determine q(335).
117
Let l(f) = 5*f**2 - 345*f - 4443. Calculate l(-11).
-43
Let x(c) = 10939*c**2 - 98539*c + 799. What is x(9)?
7
Let d(l) = -l**3 + 16*l**2 - 618*l + 9902. Give d(16).
14
Let p(j) = -3*j**2 + 156*j - 565. Calculate p(7).
380
Let f(t) = -4*t**3 + 28*t**2 + 7*t + 7. What is f(7)?
56
Let r(v) = -4273*v + 158059. Determine r(37).
-42
Let s(p) = -26*p**2 + 95*p + 135. What is s(4)?
99
Let g(p) = p**2 + 612*p + 22888. Give g(-40).
8
Let y(q) = -945*q - 54262. Give y(-59).
1493
Let a(w) = 476984*w + 953977. Calculate a(-2).
9
Let w(q) = 434*q + 114102. Calculate w(-263).
-40
Let c(u) = -u**3 + 333*u**2 - 2845*u + 834315. Calculate c(332).
-1
Let j(o) = 2420*o - 1413403. Determine j(584).
-123
Let v(w) = -5*w**2 + 343*w + 195. Determine v(68).
399
Let t(i) = i**3 - 407*i**2 - 709*i - 44577. Determine t(409).
4
Let o(w) = -2*w**2 - 93*w - 1167. Give o(-34).
-317
Let m(w) = -3*w**2 + 1302*w - 125207. Give m(144).
73
Let u(q) = -q**2 - 3384*q + 40768. What is u(12)?
16
Let n(w) = 3*w**3 - 138*w**2 - 145*w + 175. Determine n(47).
-13
Let y(b) = 2*b**3 + 759*b**2 + 350*b - 10986. Calculate y(-379).
5
Let s(h) = 54*h - 1345. Determine s(29).
221
Let j(c) = 1611*c + 29049. Calculate j(-18).
51
Let g(v) = 123*v**2 + 2003*v + 558. What is g(-16)?
-2
Let a(h) = -3*h**2 - 281*h - 1544. Give a(-90).
-554
Let q(v) = 2765*v - 27326. Calculate q(10).
324
Let i(t) = -3*t**3 + 179*t**2 - 749*t - 114. Calculate i(55).
1041
Let d(g) = -4546*g - 777354. Give d(-171).
12
Let i(l) = 3*l**2 - 1542*l + 135781. Calculate i(401).
-158
Let u(c) = c**2 + 16*c - 554. Calculate u(-30).
-134
Let f(p) = -p**3 - 7*p**2 + 66*p + 93. Determine f(6).
21
Let o(c) = -17*c + 22. Determine o(75).
-1253
Let y(b) = 25*b + 2052. Give y(-70).
302
Let d(n) = 3*n**3 - 156*n**2 + 212*n - 5238. Give d(51).
-2229
Let r(x) = -38378*x + 1266484. Calculate r(33).
10
Let m(b) = -28*b**2 - 4051*b - 2209. Determine m(-144).
527
Let x(r) = -142*r - 18263. Give x(-134).
765
Let c(p) = p**3 - 116*p**2 + 58*p + 6586. What is c(115)?
31
Let m(i) = 2*i**2 + 19520*i + 409056. Calculate m(-21).
18
Let w(t) = -t**2 + 404*t - 6036. Give w(15).
-201
Let r(d) = d**3 + 104*d**2 + 191*d - 1425. Determine r(-102).
-99
Let y(g) = -5*g**2 - 977*g - 15623. What is y(-16)?
-1271
Let f(t) = 10*t**2 - 2926*t + 5858. Determine f(2).
46
Let u(a) = 12*a**3 - 114*a**2 - 575*a + 688. Give u(1).
11
Let g(w) = -11458*w + 22755. Calculate g(2).
-161
Let d(j) = -13*j**3 + 1066*j**2 + 16*j - 1378. Calculate d(82).
-66
Let p(j) = -5*j**2 - 847*j - 851. Give p(-1).
-9
Let g(d) = -2*d**2 + 102*d - 152. Give g(45).
388
Let p(m) = -25525*m + 127645. Determine p(5).
20
Let m(c) = -472701*c + 5199714. Determine m(11).
3
Let r(p) = -p**3 + 14*p**2 - 17*p + 343. What is r(0)?
343
Let w(k) = 10*k + 613. What is w(-78)?
-167
Let i(c) = -c**3 + 255*c**2 - 4907*c - 51. Determine i(21).
96
Let x(h) = 968*h + 111333. What is x(-115)?
13
Let o(s) = 27287*s - 1418916. Determine o(52).
8
Let a(d) = -793*d - 23714. Give a(-30).
76
Let t(f) = f**3 + 29*f**2 + 14*f + 81. Determine t(-30).
-1239
Let q(i) = -3362*i + 19075. Determine q(6).
-1097
Let w(l) = -334*l + 126902. Determine w(377).
984
Let y(z) = -4*z**2 + 407*z - 1467. Calculate y(98).
3
Let x(a) = 85*a**2 + 444*a - 2422. Determine x(-8).
-534
Let u(p) = 288*p**2 - 192*p - 382. Determine u(-2).
1154
Let f(n) = -4*n**2 + 10198*n + 9. What is f(0)?
9
Let z(f) = -3*f**2 - 488*f + 23578. Determine z(39).
-17
Let r(o) = -6*o**3 + 1721*o**2 - 3136*o + 142. Calculate r(285).
-143
Let s(c) = -c**2 - 421*c - 12471. Calculate s(-32).
-23
Let j(a) = -56293*a - 55735. What is j(-1)?
558
Let m(h) = -2*h**3 - h**2 + 28*h + 68. What is m(-5)?
153
Let z(b) = -b**2 - 1578*b + 74695. What is z(46)?
-9
Let a(c) = -2*c**3 - 3425*c**2 - 10264*c - 16. Give a(-3).
5
Let z(g) = g**3 - 266*g**2 + 987*g + 15935. Determine z(262).
-47
Let w(y) = -3*y**2 + 7578*y - 12. Give w(0).
-12
Let v(c) = -13*c**2 - 601*c - 4895. What is v(-8)?
-919
Let q(a) = 35*a**2 + 1946*a + 3023. What is q(-54)?
-1
Let v(y) = -14*y**2 - 3838*y + 190191. What is v(-317)?
-9
Let c(a) = -3*a**3 - 6*a**2 - 41*a - 41. Give c(-2).
41
Let k(b) = -3*b**3 - 170*b**2 + 61*b + 414. What is k(-57)?
186
Let y(c) = 116*c**2 - 804*c - 35. What is y(7)?
21
Let f(c) = -24416*c - 1294060. Determine f(-53).
-12
Let i(l) = l**2 - 2795*l - 81892. What is i(-29)?
4
Let o(h) = 2572*h**2 - 15419*h - 51. What is o(6)?
27
Let i(c) = 3*c**2 + 1124*c - 32544. Give i(27).
-9
Let k(z) = 30*z**3 + 1379*z**2 - 35*z - 113. Give k(-46).
-619
Let u(l) = l**2 + 33*l - 4984. Give u(56).
0
Let f(g) = -163*g**2 - 3113*g - 306. Determine f(-19).
-2
Let z(l) = 22149*l + 1528259. Give z(-69).
-22
Let o(x) = 3*x**3 + 28*x**2 - 194*x + 244. Determine o(6).
736
Let j(x) = -444*x + 4569. Determine j(9).
573
Let j(q) = -62*q + 404. Calculate j(18).
-712
Let k(j) = -j**2 - 10934*j + 604420. Determine k(55).
25
Let m(f) = 2*f + 82. Give m(-128).
-174
Let h(o) = 2*o**3 - 442*o**2 - 9644*o - 78. Give h(-20).
2
Let y(a) = a**3 + 11*a**2 + 104*a - 208. Give y(2).
52
Let g(s) = 465725*s - 1397223. Calculate g(3).
-48
Let c(r) = 10178*r + 203577. Determine c(-20).
17
Let u(v) = -3872*v - 34698. Determine u(-9).
150
Let w(v) = 18*v**2 + 5219*v - 198609. Determine w(-324).
3
Let o(u) = 11*u**3 - 257*u**2 - 115*u - 112. Give o(24).
1160
Let n(r) = 33*r**2 - 199*r + 97. Give n(5).
-73
Let t(l) = -7*l**2 + 560*l - 8680. Calculate t(59).
-7
Let y(a) = -109549*a + 1643263. Calculate y(15).
28
Let d(l) = -12*l**3 - 387*l**2 - 276*l + 5864. What is d(-31)?
5
Let t(j) = -j**3 - 9*j**2 - 17301*j - 155627. Give t(-9).
82
Let i(w) = 118905*w - 27467050. Give i(231).
5
Let s(x) = -2*x**2 - 276*x - 460. Determine s(-136).
84
Let k(y) = -641*y + 12088. Determine k(18).
550
Let m(i) = -1863526*i + 1863517. What is m(1)?
-9
Let z(h) = 6469*h - 61